{"id":47,"date":"2016-10-29T19:38:08","date_gmt":"2016-10-29T19:38:08","guid":{"rendered":"http:\/\/koi-ka.de\/?page_id=47"},"modified":"2023-05-06T15:45:03","modified_gmt":"2023-05-06T15:45:03","slug":"news","status":"publish","type":"page","link":"http:\/\/koi-ka.de\/","title":{"rendered":"News"},"content":{"rendered":"<p>[vc_row][vc_column][vc_separator color=&#8220;blue&#8220; border_width=&#8220;3&#8243;][\/vc_column][\/vc_row][vc_row][vc_column][vc_column_text]<\/p>\n<h2 style=\"text-align: center;\"><span style=\"color: #000000;\"><strong>Liebe Kunden,<\/strong><\/span><span style=\"color: #000000;\"><strong> Besuchen Sie uns bitte auf unserer neuen f\u00fcr Sie verbesserten Website.\u00a0<\/strong><\/span><\/h2>\n<h5 style=\"text-align: center;\"><strong><a href=\"http:\/\/www.faltbecken-koi-ka-guenther.de\">http:\/\/www.faltbecken-koi-ka-guenther.de<\/a><\/strong><\/h5>\n<h3 style=\"text-align: center;\"><strong><span style=\"color: #000000;\">Mit freundlichen Gr\u00fc\u00dfen,<\/span><\/strong><\/h3>\n<h2 style=\"text-align: center;\"><span style=\"text-decoration: underline; color: #000000;\"><strong>Koi-ka G\u00fcnther<\/strong><\/span><\/h2>\n<p>[\/vc_column_text][\/vc_column][\/vc_row][vc_row][vc_column][vc_separator color=&#8220;blue&#8220; border_width=&#8220;3&#8243;][\/vc_column][\/vc_row][vc_row][vc_column][vc_column_text]<\/p>\n<h5>Die Faltbecken von Koi-ka sind made in Germany und werden seit \u00fcber 20 Jahren in liebevoller Handarbeit in H\u00fcckelhoven gefertigt<\/h5>\n<p>[\/vc_column_text][\/vc_column][\/vc_row][vc_row][vc_column width=&#8220;1\/4&#8243;][vc_single_image image=&#8220;226&#8243;][\/vc_column][vc_column width=&#8220;1\/4&#8243;][vc_single_image image=&#8220;225&#8243;][\/vc_column][vc_column width=&#8220;1\/4&#8243;][vc_single_image image=&#8220;224&#8243;][\/vc_column][vc_column width=&#8220;1\/4&#8243;][vc_single_image image=&#8220;223&#8243;][\/vc_column][\/vc_row][vc_row][vc_column width=&#8220;1\/4&#8243;][vc_single_image image=&#8220;220&#8243;][\/vc_column][vc_column width=&#8220;1\/4&#8243;][vc_single_image image=&#8220;219&#8243;][\/vc_column][vc_column width=&#8220;1\/4&#8243;][vc_single_image image=&#8220;218&#8243;][\/vc_column][vc_column width=&#8220;1\/4&#8243;][vc_single_image image=&#8220;217&#8243;][\/vc_column][\/vc_row][vc_row][vc_column][vc_separator color=&#8220;blue&#8220; border_width=&#8220;3&#8243;][\/vc_column][\/vc_row]<\/p>\n","protected":false},"excerpt":{"rendered":"<p>[vc_row][vc_column][vc_separator color=&#8220;blue&#8220; border_width=&#8220;3&#8243;][\/vc_column][\/vc_row][vc_row][vc_column][vc_column_text] Liebe Kunden, Besuchen Sie uns bitte auf unserer neuen f\u00fcr Sie verbesserten Website.\u00a0 http:\/\/www.faltbecken-koi-ka-guenther.de Mit freundlichen Gr\u00fc\u00dfen, Koi-ka G\u00fcnther [\/vc_column_text][\/vc_column][\/vc_row][vc_row][vc_column][vc_separator color=&#8220;blue&#8220; border_width=&#8220;3&#8243;][\/vc_column][\/vc_row][vc_row][vc_column][vc_column_text] Die Faltbecken von Koi-ka sind made in Germany und werden seit \u00fcber 20 Jahren in liebevoller Handarbeit in H\u00fcckelhoven gefertigt [\/vc_column_text][\/vc_column][\/vc_row][vc_row][vc_column width=&#8220;1\/4&#8243;][vc_single_image image=&#8220;226&#8243;][\/vc_column][vc_column width=&#8220;1\/4&#8243;][vc_single_image image=&#8220;225&#8243;][\/vc_column][vc_column width=&#8220;1\/4&#8243;][vc_single_image image=&#8220;224&#8243;][\/vc_column][vc_column width=&#8220;1\/4&#8243;][vc_single_image image=&#8220;223&#8243;][\/vc_column][\/vc_row][vc_row][vc_column width=&#8220;1\/4&#8243;][vc_single_image&hellip;<\/p>\n","protected":false},"author":1,"featured_media":0,"parent":0,"menu_order":0,"comment_status":"closed","ping_status":"closed","template":"","meta":[],"class_list":["post-47","page","type-page","status-publish","hentry","description-off"],"_links":{"self":[{"href":"http:\/\/koi-ka.de\/index.php?rest_route=\/wp\/v2\/pages\/47","targetHints":{"allow":["GET"]}}],"collection":[{"href":"http:\/\/koi-ka.de\/index.php?rest_route=\/wp\/v2\/pages"}],"about":[{"href":"http:\/\/koi-ka.de\/index.php?rest_route=\/wp\/v2\/types\/page"}],"author":[{"embeddable":true,"href":"http:\/\/koi-ka.de\/index.php?rest_route=\/wp\/v2\/users\/1"}],"replies":[{"embeddable":true,"href":"http:\/\/koi-ka.de\/index.php?rest_route=%2Fwp%2Fv2%2Fcomments&post=47"}],"version-history":[{"count":2,"href":"http:\/\/koi-ka.de\/index.php?rest_route=\/wp\/v2\/pages\/47\/revisions"}],"predecessor-version":[{"id":518,"href":"http:\/\/koi-ka.de\/index.php?rest_route=\/wp\/v2\/pages\/47\/revisions\/518"}],"wp:attachment":[{"href":"http:\/\/koi-ka.de\/index.php?rest_route=%2Fwp%2Fv2%2Fmedia&parent=47"}],"curies":[{"name":"wp","href":"https:\/\/api.w.org\/{rel}","templated":true}]}}