{"id":45,"date":"2016-10-29T19:36:56","date_gmt":"2016-10-29T19:36:56","guid":{"rendered":"http:\/\/koi-ka.de\/?page_id=45"},"modified":"2016-12-20T14:54:47","modified_gmt":"2016-12-20T14:54:47","slug":"kontakt","status":"publish","type":"page","link":"http:\/\/koi-ka.de\/?page_id=45","title":{"rendered":"Kontakt"},"content":{"rendered":"<p>[vc_row][vc_column width=&#8220;1\/2&#8243;]<form class=\"dt-contact-form dt-form\" method=\"post\"><input type=\"hidden\" name=\"widget_id\" value=\"presscore-contact-form-widget--1\" \/><input type=\"hidden\" name=\"send_message\" value=\"\" \/><input type=\"hidden\" name=\"security_token\" value=\"0ceeba43747da600c5f8\"\/><div class=\"form-fields\"><span class=\"form-name\"><label class=\"assistive-text\">Name *<\/label><input type=\"text\" class=\"validate[required]\" placeholder=\"Name *\" name=\"name\" value=\"\" aria-required=\"true\">\n<\/span><span class=\"form-mail\"><label class=\"assistive-text\">E-mail *<\/label><input type=\"text\" class=\"validate[required,custom[email]]\" placeholder=\"E-mail *\" name=\"email\" value=\"\" aria-required=\"true\">\n<\/span><span class=\"form-telephone\"><label class=\"assistive-text\">Telephone<\/label><input type=\"text\" placeholder=\"Telephone\" name=\"telephone\" value=\"\" aria-required=\"false\">\n<\/span><span class=\"form-website\"><label class=\"assistive-text\">Website<\/label><input type=\"text\" placeholder=\"Website\" name=\"website\" value=\"\" aria-required=\"false\">\n<\/span><\/div><p><a href=\"#\" class=\"dt-btn dt-btn-m dt-btn-submit\" rel=\"nofollow\"><span>Naricht Senden<\/span><\/a><input class=\"assistive-text\" type=\"submit\" value=\"submit\"><\/p><\/form>\n[\/vc_column][vc_column width=&#8220;1\/2&#8243;][vc_toggle title=&#8220;Impressum&#8220; open=&#8220;true&#8220; el_id=&#8220;1478019814009-b624d432-e9d3&#8243;]Koi-Ka G\u00fcnther<\/p>\n<p>Maria G\u00fcnther<br \/>\nVon-Dechen-Stra\u00dfe 28<br \/>\nH\u00fcckelhoven Deutschland<\/p>\n<p>Info@koi-ka.de<br \/>\n(+49) 2433 85643<br \/>\nSteuernummer: DE210862474[\/vc_toggle][\/vc_column][\/vc_row][vc_row][vc_column][vc_gmaps link=&#8220;#E-8_JTNDaWZyYW1lJTIwc3JjJTNEJTIyaHR0cHMlM0ElMkYlMkZ3d3cuZ29vZ2xlLmNvbSUyRm1hcHMlMkZlbWJlZCUzRnBiJTNEJTIxMW0xOCUyMTFtMTIlMjExbTMlMjExZDI1MDcuNjYxNzQxNTMyMzI1MyUyMTJkNi4yMTk5NTEzMTU3NDQzODIlMjEzZDUxLjA1OTMzMzM1MTE4NTI4JTIxMm0zJTIxMWYwJTIxMmYwJTIxM2YwJTIxM20yJTIxMWkxMDI0JTIxMmk3NjglMjE0ZjEzLjElMjEzbTMlMjExbTIlMjExczB4NDdjMGE5MWNmN2QxZTk3ZCUyNTNBMHgzZWEyNWU2ODA2Y2I5OGYzJTIxMnNWb24tRGVjaGVuLVN0cmElMjVDMyUyNTlGZSUyQjI4JTI1MkMlMkI0MTgzNiUyQkglMjVDMyUyNUJDY2tlbGhvdmVuJTI1MkMlMkJEZXV0c2NobGFuZCUyMTVlMCUyMTNtMiUyMTFzZGUlMjEyc2x1JTIxNHYxNDc4MDE5NzY0NzcwJTIyJTIwd2lkdGglM0QlMjI2MDAlMjIlMjBoZWlnaHQlM0QlMjI0NTAlMjIlMjBmcmFtZWJvcmRlciUzRCUyMjAlMjIlMjBzdHlsZSUzRCUyMmJvcmRlciUzQTAlMjIlMjBhbGxvd2Z1bGxzY3JlZW4lM0UlM0MlMkZpZnJhbWUlM0U=&#8220;][\/vc_column][\/vc_row]<\/p>\n","protected":false},"excerpt":{"rendered":"<p>[vc_row][vc_column width=&#8220;1\/2&#8243;][\/vc_column][vc_column width=&#8220;1\/2&#8243;][vc_toggle title=&#8220;Impressum&#8220; open=&#8220;true&#8220; el_id=&#8220;1478019814009-b624d432-e9d3&#8243;]Koi-Ka G\u00fcnther Maria G\u00fcnther Von-Dechen-Stra\u00dfe 28 H\u00fcckelhoven Deutschland Info@koi-ka.de (+49) 2433 85643 Steuernummer: DE210862474[\/vc_toggle][\/vc_column][\/vc_row][vc_row][vc_column][vc_gmaps link=&#8220;#E-8_JTNDaWZyYW1lJTIwc3JjJTNEJTIyaHR0cHMlM0ElMkYlMkZ3d3cuZ29vZ2xlLmNvbSUyRm1hcHMlMkZlbWJlZCUzRnBiJTNEJTIxMW0xOCUyMTFtMTIlMjExbTMlMjExZDI1MDcuNjYxNzQxNTMyMzI1MyUyMTJkNi4yMTk5NTEzMTU3NDQzODIlMjEzZDUxLjA1OTMzMzM1MTE4NTI4JTIxMm0zJTIxMWYwJTIxMmYwJTIxM2YwJTIxM20yJTIxMWkxMDI0JTIxMmk3NjglMjE0ZjEzLjElMjEzbTMlMjExbTIlMjExczB4NDdjMGE5MWNmN2QxZTk3ZCUyNTNBMHgzZWEyNWU2ODA2Y2I5OGYzJTIxMnNWb24tRGVjaGVuLVN0cmElMjVDMyUyNTlGZSUyQjI4JTI1MkMlMkI0MTgzNiUyQkglMjVDMyUyNUJDY2tlbGhvdmVuJTI1MkMlMkJEZXV0c2NobGFuZCUyMTVlMCUyMTNtMiUyMTFzZGUlMjEyc2x1JTIxNHYxNDc4MDE5NzY0NzcwJTIyJTIwd2lkdGglM0QlMjI2MDAlMjIlMjBoZWlnaHQlM0QlMjI0NTAlMjIlMjBmcmFtZWJvcmRlciUzRCUyMjAlMjIlMjBzdHlsZSUzRCUyMmJvcmRlciUzQTAlMjIlMjBhbGxvd2Z1bGxzY3JlZW4lM0UlM0MlMkZpZnJhbWUlM0U=&#8220;][\/vc_column][\/vc_row]<\/p>\n","protected":false},"author":1,"featured_media":0,"parent":0,"menu_order":0,"comment_status":"closed","ping_status":"closed","template":"","meta":[],"class_list":["post-45","page","type-page","status-publish","hentry","description-off"],"_links":{"self":[{"href":"http:\/\/koi-ka.de\/index.php?rest_route=\/wp\/v2\/pages\/45","targetHints":{"allow":["GET"]}}],"collection":[{"href":"http:\/\/koi-ka.de\/index.php?rest_route=\/wp\/v2\/pages"}],"about":[{"href":"http:\/\/koi-ka.de\/index.php?rest_route=\/wp\/v2\/types\/page"}],"author":[{"embeddable":true,"href":"http:\/\/koi-ka.de\/index.php?rest_route=\/wp\/v2\/users\/1"}],"replies":[{"embeddable":true,"href":"http:\/\/koi-ka.de\/index.php?rest_route=%2Fwp%2Fv2%2Fcomments&post=45"}],"version-history":[{"count":0,"href":"http:\/\/koi-ka.de\/index.php?rest_route=\/wp\/v2\/pages\/45\/revisions"}],"wp:attachment":[{"href":"http:\/\/koi-ka.de\/index.php?rest_route=%2Fwp%2Fv2%2Fmedia&parent=45"}],"curies":[{"name":"wp","href":"https:\/\/api.w.org\/{rel}","templated":true}]}}